r be w(-37). What is the greatest common divisor of r and 18?
18
Let v(y) = y**3 + 12*y**2 + 34*y - 2. Let g be v(-6). Suppose 140 = 30*a - g*a. What is the greatest common factor of 203 and a?
7
Let v(d) = 5*d + 63. Suppose -r - 2 = 5*w + 2, 4*w - 22 = 2*r. Let g be v(r). What is the greatest common divisor of g and 99?
9
Suppose 0 = m + 4*y - 9 - 2, 3*m = 3*y + 3. Let a be (0 - -3) + 4 - m. Calculate the highest common factor of 4 and a.
4
Suppose -1328 = -5*x + x. Let d be (270/(-20) + 13)*-954. Let c = d - x. Calculate the highest common divisor of c and 29.
29
Suppose 5*s - 12*s = -448. Let r = 67 - s. Suppose -560 = -5*g + r*n, 3*g - 5*n = -n + 336. Calculate the highest common divisor of g and 28.
28
Let q be (675/(-3))/15 - -216. Calculate the greatest common factor of 1675 and q.
67
Let x(o) = -o**3 - 8*o**2 + 43*o + 248. Let n be x(-10). What is the greatest common factor of n and 14?
2
Let m(s) = 7*s**2 - 666*s - 83. Let k be m(107). What is the greatest common divisor of k and 830?
166
Suppose -32351 + 32399 = 6*z. What is the highest common factor of z and 4076?
4
Suppose -3*z + 4329 = 3*l, -3*l + z + 2152 = -2165. Suppose 19*c = 22*c - l. What is the greatest common factor of 15 and c?
15
Let u be 17*-20*(-5)/20. Let g = u - 71. What is the highest common divisor of 434 and g?
14
Let j be 6 + (3/6)/(5/10). Let i be j/6 + (-7)/42. Calculate the highest common factor of i and 5.
1
Let t(i) = -14*i + 196. Let f be t(0). Suppose 44 = 24*v - f. Calculate the greatest common factor of 160 and v.
10
Let a = 794 - 778. Let l be (58 - a)*66/7. What is the highest common factor of 36 and l?
36
Suppose -4*z - 25 = 4*s - 121, 53 = 2*z + s. What is the highest common factor of 20474 and z?
29
Let k be 4/(-16) - (-37)/4. Suppose -366 = -140*r + 4674. What is the highest common factor of r and k?
9
Let q = 532 + -478. Let l be 15*q/105*7. Calculate the greatest common divisor of 36 and l.
18
Suppose 0 = -168*m + 94*m + 98*m - 420912. What is the highest common divisor of 237 and m?
237
Let v(w) = w**2 + w - 9. Let m be v(5). Suppose -3 + 15 = 2*d - z, -3*d + m = -3*z. Suppose 33 = 5*r + 8. Calculate the greatest common factor of d and r.
5
Let x = -257 - -254. Let j(o) = 4*o**2 + 13*o + 11. Let w be j(x). Calculate the greatest common factor of w and 200.
8
Let j = 2168 - 2090. Let v be (231/55)/(132/130 - 1). Calculate the greatest common divisor of v and j.
39
Let z be 2 - (0/2 + 24/(-8)). Suppose z*u + 53 = 4*l - 16, -3*l = 5*u + 62. Let v be u + 7 + 7 + (-1 - -52). What is the greatest common factor of v and 78?
26
Let q = 209 + 296. Let z = q + -129. What is the highest common factor of 24 and z?
8
Suppose 13*o = -3*o + 640. Let k = -23 + 39. What is the highest common factor of o and k?
8
Suppose -1440 = 359*i - 395*i. What is the highest common factor of i and 3170?
10
Suppose 2*s = 3*j - 42, -4*j + 4*s = -31 - 25. Suppose 0 = 3*k + 8*k - 198. Let c = k + j. What is the greatest common factor of c and 8?
8
Let g be (-16950)/(-1425) + 4/38. Let d = 1002 + 210. Calculate the greatest common factor of g and d.
12
Let o = 450 + -297. Suppose -148*m - 85 = -o*m. Suppose 0 = -3*y, m = -z - 4*y + 105. What is the greatest common divisor of z and 8?
8
Let r = 4255 - 2895. What is the greatest common factor of r and 5?
5
Suppose m = 3*o + 3 + 5, 5*m + 4*o - 2 = 0. Suppose -m*h + 33 = h. Suppose -5*d + 2*d = -231. What is the greatest common divisor of h and d?
11
Let c = -18 - -22. Suppose 12 = 6*i - c*i. Calculate the highest common divisor of i and 96.
6
Suppose u - 7*u + 114 = 0. Let b = u + 124. What is the greatest common factor of b and 13?
13
Let i be (-2)/2 + 1 + -26. Suppose y + 3 = 0, -58 = 2*c - 3*c + 5*y. Let r = c + i. What is the greatest common factor of r and 68?
17
Suppose -768 = -5*h + j, -j - 3 + 0 = 0. Let o be -3 + (-8)/((-56)/(-21)). Let q be (8 + -17 + o)*17/(-5). Calculate the greatest common divisor of h and q.
51
Let j be ((-9)/(-18))/(2/108). Let f be 3/9 + -6964*(-1)/6. What is the greatest common divisor of j and f?
27
Let f = 7716 - 7095. What is the highest common factor of f and 153?
9
Suppose -2*h = h + 2*m - 46, 2*h = 3*m + 48. Suppose 5*o - h*o = -1300. What is the highest common factor of o and 25?
25
Let x(d) = 2*d**3 + 44*d**2 - 2*d + 22. Suppose 7*q + 139 = -15. Let c be x(q). What is the highest common factor of c and 99?
33
Suppose 15*i + 6580 = 22*i. What is the highest common divisor of 752 and i?
188
Let t(u) = u**3 - 20*u**2 - 174*u - 238. Let x be t(-5). Suppose -3*s + 63 = -0*s. What is the highest common factor of s and x?
7
Let d be (-4 - 2)/(2 + -3). Let b be 1*d/3 - 5/(-5). Let q be (-1)/3*b*-14. What is the greatest common divisor of 7 and q?
7
Let n be 256/18 - (-2)/(-9). Suppose 13*u - 17920 + 17283 = 0. What is the greatest common factor of u and n?
7
Suppose -2*u + 460 = -636. What is the greatest common factor of 28 and u?
4
Suppose 84 = 3*m + 3*m. Suppose -m*t - p = -11*t - 545, 4*t - 726 = -2*p. Calculate the greatest common factor of t and 14.
14
Let a = -4599 + 4824. Calculate the greatest common divisor of a and 36.
9
Suppose 10876 = u + 4*z, -16*u = -12*u + z - 43579. What is the greatest common divisor of 144 and u?
48
Let p = 553 - 548. Suppose 4*x = -a - 3 - p, x + 28 = 3*a. Suppose 0*k = k - 20. Calculate the highest common factor of k and a.
4
Let r = 166 + -164. Suppose -h = r*i - 6*i + 170, i + 5*h - 32 = 0. Calculate the greatest common divisor of 14 and i.
14
Suppose 163*c + 29*c - 5976 = 26*c. Suppose -270 = -3*s - 2*s. Calculate the greatest common factor of c and s.
18
Suppose 434 = 32570*k - 32556*k. Calculate the greatest common factor of k and 8339.
31
Let b = -44 + 41. Let u = b + 138. Calculate the greatest common factor of u and 9.
9
Suppose 147*w - 160227 = -134502. Suppose -4*b + 40 = -0*b. Calculate the highest common divisor of b and w.
5
Let r be (24/(-48))/(3/(-12) - (-18)/88). Let u(a) = 123*a**2 - a. Let t be u(1). Let h be -1 + -1 + (t - -1). What is the greatest common divisor of h and r?
11
Suppose -5*l - 2817 = -4*k, 1352 = 5*l - 5*k + 4167. Let d = l - -602. Calculate the highest common divisor of 407 and d.
37
Suppose 0*q + 5*h - 40 = -q, 2*h + 14 = 0. Calculate the highest common factor of q and 390.
15
Let g = 2112 + -2100. Calculate the highest common factor of g and 2172.
12
Suppose -3*g - 22 = -2*x, x = 2*x - 4*g - 21. Let l be 0/(-3 + x) - 12/(-3). What is the greatest common factor of l and 28?
4
Let t = 144 - 92. Let q(v) = 8*v**2 + 2*v - 42. Let k be q(-6). What is the highest common divisor of t and k?
26
Let a be ((-6)/(-30))/(1/5) + 32. Suppose -j - 2*q = -5*q - a, 2*j - 74 = -2*q. Calculate the highest common divisor of j and 252.
36
Let l be 25 + 1 + 2/1. Let c = -136 + 799. Suppose 17*f = 527 + c. Calculate the highest common factor of f and l.
14
Let h = -94994 - -95019. Suppose -m + 2 + 3 = 0. Suppose -5*w - m*x + 890 = 0, 4*w + x = 657 + 46. What is the greatest common factor of w and h?
25
Suppose 2*h - 2*v - 2 = -6*v, -5*h = -5*v - 35. Suppose -16 - 19 = -h*s + 2*m, 4*m = 5*s - 45. Let n = -36 - -41. What is the greatest common factor of s and n?
5
Suppose 882 = 23*n - 912. Calculate the greatest common factor of 2613 and n.
39
Let c = -15 + 3. Let r be 2 - (-4)/(c/(-561)). Let x(k) = -k**3 + 15*k**2 + 102*k - 1135. Let s be x(17). What is the greatest common factor of r and s?
21
Let u = 70 + -63. Suppose -3*b = -4*b - 2*m - 57, 0 = 3*b - 2*m + 179. Let x = b + 60. What is the greatest common divisor of u and x?
1
Suppose -m + 198 = m. Suppose -3*x + 523*t - 524*t + 185 = 0, 0 = 4*x - 4*t - 316. What is the greatest common factor of x and m?
33
Let j be ((-4)/6)/(2/(-3)). Suppose -4233 - 3687 = -360*d. Calculate the highest common divisor of d and j.
1
Suppose 2*p + 1 = 2*g - 9, 3*p = -3*g + 3. Let d(k) = 34*k**2 + 5*k + 6. Let t be d(p). Let q be t/9 - 6/9. Calculate the highest common divisor of 154 and q.
14
Let c(l) = 30*l + 88. Let r(j) = 89*j + 264. Let h(d) = 11*c(d) - 4*r(d). Let f be h(-8). Calculate the highest common factor of 90 and f.
30
Suppose 4*o - 3341 - 4049 = 2*j, 0 = 3*o + 5*j - 5562. Calculate the greatest common factor of o and 387.
43
Let o(g) = -g**3 - 11*g**2 + 11*g - 11. Let t be o(-12). Let x be t/(-3